8
What is the remainder when 99698 is divided by 51?
44
What is the remainder when 2257 is divided by 372?
25
Calculate the remainder when 229002 is divided by 22896.
42
Calculate the remainder when 6507 is divided by 2168.
3
What is the remainder when 2062 is divided by 40?
22
Calculate the remainder when 12702 is divided by 6345.
12
What is the remainder when 815 is divided by 139?
120
What is the remainder when 1512 is divided by 38?
30
Calculate the remainder when 5919 is divided by 14.
11
Calculate the remainder when 22017 is divided by 607.
165
What is the remainder when 5437 is divided by 49?
47
What is the remainder when 3185363 is divided by 13?
12
Calculate the remainder when 16503 is divided by 589.
11
Calculate the remainder when 10897 is divided by 10731.
166
What is the remainder when 1475 is divided by 590?
295
Calculate the remainder when 2794 is divided by 356.
302
What is the remainder when 8349 is divided by 4074?
201
What is the remainder when 25555 is divided by 8516?
7
Calculate the remainder when 2206526 is divided by 368.
366
Calculate the remainder when 23224 is divided by 34.
2
Calculate the remainder when 485989 is divided by 58.
7
What is the remainder when 26554 is divided by 713?
173
Calculate the remainder when 205640 is divided by 13.
6
Calculate the remainder when 3257 is divided by 24.
17
Calculate the remainder when 6112 is divided by 2896.
320
What is the remainder when 31048 is divided by 45?
43
What is the remainder when 286890 is divided by 753?
750
What is the remainder when 531462 is divided by 18?
12
What is the remainder when 385554 is divided by 56?
50
Calculate the remainder when 69626 is divided by 13923.
11
What is the remainder when 1418644 is divided by 77?
73
Calculate the remainder when 67754 is divided by 440.
434
Calculate the remainder when 194973 is divided by 96.
93
Calculate the remainder when 16249 is divided by 63.
58
Calculate the remainder when 101920 is divided by 4.
0
What is the remainder when 64479 is divided by 160?
159
What is the remainder when 45317 is divided by 45247?
70
Calculate the remainder when 90556 is divided by 13.
11
Calculate the remainder when 562360 is divided by 11.
7
Calculate the remainder when 9955 is divided by 505.
360
Calculate the remainder when 98080 is divided by 131.
92
What is the remainder when 17780862 is divided by 2103?
2100
What is the remainder when 7749 is divided by 64?
5
Calculate the remainder when 75006 is divided by 228.
222
What is the remainder when 7351 is divided by 25?
1
Calculate the remainder when 29384 is divided by 1275.
59
What is the remainder when 219327 is divided by 11?
9
Calculate the remainder when 12443 is divided by 6217.
9
What is the remainder when 9888 is divided by 19?
8
Calculate the remainder when 181381 is divided by 28.
25
Calculate the remainder when 34762 is divided by 11488.
298
What is the remainder when 3331 is divided by 14?
13
What is the remainder when 549995 is divided by 3?
2
Calculate the remainder when 415699 is divided by 13.
11
What is the remainder when 4163 is divided by 101?
22
Calculate the remainder when 2312 is divided by 164.
16
Calculate the remainder when 3886 is divided by 554.
8
What is the remainder when 24599 is divided by 14?
1
What is the remainder when 40706 is divided by 6?
2
What is the remainder when 689 is divided by 306?
77
What is the remainder when 256931 is divided by 6?
5
Calculate the remainder when 14369 is divided by 1436.
9
What is the remainder when 3152 is divided by 415?
247
What is the remainder when 82489 is divided by 27488?
25
What is the remainder when 1043 is divided by 146?
21
Calculate the remainder when 4774 is divided by 41.
18
What is the remainder when 4749 is divided by 13?
4
What is the remainder when 2900 is divided by 701?
96
Calculate the remainder when 10144 is divided by 1913.
579
What is the remainder when 11988 is divided by 5990?
8
What is the remainder when 317071 is divided by 1153?
1149
Calculate the remainder when 22099 is divided by 597.
10
What is the remainder when 430856 is divided by 215415?
26
Calculate the remainder when 400552 is divided by 140.
12
Calculate the remainder when 1940 is divided by 36.
32
Calculate the remainder when 51354 is divided by 158.
4
What is the remainder when 1691879 is divided by 196?
7
What is the remainder when 3771 is divided by 1093?
492
Calculate the remainder when 46749 is divided by 170.
169
Calculate the remainder when 57474 is divided by 327.
249
What is the remainder when 130034 is divided by 2364?
14
Calculate the remainder when 20029 is divided by 872.
845
Calculate the remainder when 2421 is divided by 115.
6
What is the remainder when 7448 is divided by 2473?
29
What is the remainder when 10701 is divided by 5347?
7
What is the remainder when 5336 is divided by 66?
56
What is the remainder when 1946 is divided by 431?
222
Calculate the remainder when 6529 is divided by 4893.
1636
What is the remainder when 393 is divided by 357?
36
Calculate the remainder when 3270 is divided by 1071.
57
Calculate the remainder when 8627 is divided by 4308.
11
What is the remainder when 24780 is divided by 8245?
45
Calculate the remainder when 84987 is divided by 162.
99
Calculate the remainder when 607 is divided by 31.
18
What is the remainder when 549592 is divided by 480?
472
What is the remainder when 79156 is divided by 19788?
4
What is the remainder when 9752 is divided by 233?
199
What is the remainder when 101262 is divided by 25312?
14
Calculate the remainder when 29698 is divided by 113.
92
Calculate the remainder when 30771 is divided by 38.
29
What is the remainder when 6321 is divided by 286?
29
Calculate the remainder when 334264 is divided by 11.
7
Calculate the remainder when 190503 is divided by 8658.
27
Calculate the remainder when 62351 is divided by 58.
1
What is the remainder when 1239 is divided by 891?
348
Calculate the remainder when 1705 is divided by 1255.
450
Calculate the remainder when 2749 is divided by 52.
45
Calculate the remainder when 44526 is divided by 6360.
6
What is the remainder when 1697 is divided by 296?
217
What is the remainder when 80580 is divided by 20143?
8
Calculate the remainder when 713756 is divided by 141.
14
Calculate the remainder when 6276 is divided by 51.
3
What is the remainder when 6383 is divided by 55?
3
What is the remainder when 614621 is divided by 61461?
11
What is the remainder when 959707 is divided by 67?
66
Calculate the remainder when 3136 is divided by 518.
28
Calculate the remainder when 15654 is divided by 1028.
234
What is the remainder when 457894 is divided by 1409?
1378
What is the remainder when 15919 is divided by 4?
3
What is the remainder when 18721 is divided by 3742?
11
Calculate the remainder when 75123 is divided by 5778.
9
What is the remainder when 6472 is divided by 634?
132
What is the remainder when 442802 is divided by 415?
412
What is the remainder when 3081 is divided by 6?
3
What is the remainder when 41732 is divided by 33?
20
Calculate the remainder when 416416 is divided by 6716.
24
What is the remainder when 202061 is divided by 173?
170
Calculate the remainder when 730397 is divided by 176.
173
What is the remainder when 139554 is divided by 23256?
18
Calculate the remainder when 41919 is divided by 223.
218
Calculate the remainder when 93278 is divided by 338.
328
What is the remainder when 24769 is divided by 87?
61
What is the remainder when 3268 is divided by 358?
46
What is the remainder when 44042 is divided by 92?
66
What is the remainder when 116919 is divided by 29?
20
What is the remainder when 769 is divided by 128?
1
Calculate the remainder when 63003 is divided by 20987.
42
Calculate the remainder when 4576 is divided by 48.
16
Calculate the remainder when 222706 is divided by 4049.
11
Calculate the remainder when 7480 is divided by 138.
28
Calculate the remainder when 135838 is divided by 233.
232
Calculate the remainder when 461 is divided by 450.
11
What is the remainder when 7858 is divided by 951?
250
Calculate the remainder when 1684 is divided by 548.
40
What is the remainder when 32901 is divided by 336?
309
Calculate the remainder when 17502 is divided by 81.
6
Calculate the remainder w